475 divide 5979547?
False
Does 29 divide 37932?
True
Is 63 a factor of 49329?
True
Is 13 a factor of 1545044?
False
Does 21 divide 2448829?
False
Does 6 divide 6032310?
True
Is 269919 a multiple of 117?
True
Is 24 a factor of 28512?
True
Is 4 a factor of 15238?
False
Is 2660675 a multiple of 9?
False
Is 33669 a multiple of 9?
True
Does 240 divide 7127040?
True
Is 17 a factor of 426528?
False
Does 173 divide 360186?
True
Is 205 a factor of 57810?
True
Is 19178 a multiple of 2?
True
Is 60317 a multiple of 44?
False
Is 5 a factor of 77085?
True
Does 9 divide 818802?
True
Is 70859 a multiple of 59?
True
Is 80535 a multiple of 32?
False
Is 490137 a multiple of 338?
False
Is 4743307 a multiple of 6?
False
Is 44 a factor of 96800?
True
Is 24 a factor of 2261520?
True
Is 48160 a multiple of 5?
True
Does 21 divide 127932?
True
Does 838 divide 3000040?
True
Is 301252 a multiple of 14?
True
Is 118 a factor of 1948652?
True
Is 1118 a factor of 302978?
True
Does 17 divide 405390?
False
Is 7 a factor of 1851661?
True
Does 6 divide 17418?
True
Does 13 divide 5591522?
False
Is 5 a factor of 26900?
True
Is 251798 a multiple of 14?
False
Is 47640 a multiple of 20?
True
Is 42 a factor of 7707?
False
Does 847 divide 4353443?
False
Does 18 divide 1740996?
True
Does 61 divide 126087?
True
Is 462860 a multiple of 324?
False
Is 141 a factor of 236006?
False
Is 42710 a multiple of 20?
False
Is 1010 a factor of 2496608?
False
Is 1202760 a multiple of 360?
True
Does 323 divide 233206?
True
Is 808262 a multiple of 74?
False
Is 15 a factor of 17044?
False
Is 22 a factor of 15532037?
False
Is 24 a factor of 6264112?
False
Is 528 a factor of 398112?
True
Is 3604468 a multiple of 644?
True
Is 383701 a multiple of 14?
False
Is 1570579 a multiple of 548?
False
Is 232 a factor of 855001?
False
Is 15 a factor of 71295?
True
Is 24 a factor of 99737?
False
Is 29172 a multiple of 32?
False
Does 634 divide 3469204?
False
Is 72335 a multiple of 115?
True
Does 142 divide 3973092?
False
Is 2551369 a multiple of 247?
False
Is 135984 a multiple of 15?
False
Is 74 a factor of 2543306?
True
Is 6706509 a multiple of 93?
True
Is 5 a factor of 137405?
True
Is 201 a factor of 216879?
True
Is 1225368 a multiple of 36?
True
Does 237 divide 331326?
True
Is 192 a factor of 260736?
True
Does 7 divide 260855?
True
Is 4848959 a multiple of 104?
False
Does 493 divide 2000101?
True
Is 638 a factor of 482328?
True
Is 1336 a factor of 3985311?
False
Is 179 a factor of 206208?
True
Does 485 divide 1592740?
True
Is 42 a factor of 96570?
False
Is 4 a factor of 5798501?
False
Is 729506 a multiple of 176?
False
Is 25 a factor of 141575?
True
Does 4 divide 236056?
True
Is 6 a factor of 358518?
True
Does 104 divide 4657904?
False
Is 139480 a multiple of 3?
False
Does 4 divide 6628?
True
Is 55 a factor of 70673?
False
Is 210513 a multiple of 3?
True
Is 132734 a multiple of 5?
False
Is 9 a factor of 13185424?
False
Is 112 a factor of 52304?
True
Is 326 a factor of 679058?
True
Is 36316 a multiple of 28?
True
Does 24 divide 1743168?
True
Is 92614 a multiple of 221?
False
Does 5 divide 112430?
True
Is 339042 a multiple of 52?
False
Is 5 a factor of 113425?
True
Does 1291 divide 6392036?
False
Does 3 divide 181134?
True
Is 24 a factor of 5654160?
True
Is 36250 a multiple of 48?
False
Is 9 a factor of 24525?
True
Is 1769460 a multiple of 10?
True
Does 11 divide 18480?
True
Does 207 divide 4291731?
True
Does 17 divide 182651?
False
Is 7384324 a multiple of 226?
True
Is 86 a factor of 424152?
True
Is 107 a factor of 221276?
True
Is 8 a factor of 219656?
True
Is 55391 a multiple of 41?
True
Does 10 divide 1037390?
True
Is 5265980 a multiple of 84?
False
Does 34 divide 32776?
True
Does 210 divide 8811907?
False
Is 444479 a multiple of 61?
False
Is 143985 a multiple of 72?
False
Is 4216668 a multiple of 12?
True
Is 30 a factor of 880080?
True
Does 117 divide 8042071?
False
Is 10 a factor of 336190?
True
Is 369056 a multiple of 304?
True
Is 19 a factor of 81073?
True
Does 9 divide 3114381?
False
Is 169986 a multiple of 82?
True
Is 107123 a multiple of 26?
False
Is 15236352 a multiple of 389?
True
Does 26 divide 330330?
True
Does 158 divide 1756802?
True
Is 181 a factor of 763639?
True
Is 7312176 a multiple of 306?
True
Is 3037062 a multiple of 64?
False
Is 240827 a multiple of 311?
False
Is 734 a factor of 26527182?
False
Is 3450839 a multiple of 62?
False
Is 3053481 a multiple of 23?
False
Does 5 divide 758800?
True
Is 444605 a multiple of 376?
False
Is 11911 a multiple of 5?
False
Is 80 a factor of 7506400?
True
Is 2034595 a multiple of 149?
True
Is 115 a factor of 9600890?
True
Does 118 divide 243469?
False
Is 23 a factor of 133213?
False
Is 1489012 a multiple of 49?
True
Is 385402 a multiple of 113?
False
Is 451 a factor of 8732713?
True
Does 47 divide 272368?
False
Does 1070 divide 13904650?
True
Does 98 divide 33078?
False
Is 56 a factor of 961464?
True
Is 42435 a multiple of 205?
True
Does 144 divide 868645?
False
Is 287460 a multiple of 30?
True
Is 8 a factor of 169532?
False
Is 1221 a factor of 5964585?
True
Does 21 divide 117236?
False
Does 57 divide 2430936?
True
Is 1209 a factor of 15977195?
False
Is 728 a factor of 1342432?
True
Is 204 a factor of 15326928?
True
Is 31 a factor of 52731?
True
Is 6782279 a multiple of 234?
False
Is 297992 a multiple of 5?
False
Is 11 a factor of 1994069?
True
Is 260 a factor of 272161?
False
Is 12347196 a multiple of 37?
True
Is 460 a factor of 1299500?
True
Is 12 a factor of 787725?
False
Is 102 a factor of 714748?
False
Is 125 a factor of 3625?
True
Does 16 divide 82640?
True
Is 134 a factor of 3782686?
True
Is 4048800 a multiple of 560?
True
Is 59109 a multiple of 51?
True
Does 232 divide 43848?
True
Is 157290 a multiple of 70?
True
Is 12883381 a multiple of 78?
False
Is 38 a factor of 1516162?
True
Is 119925 a multiple of 120?
False
Does 87 divide 61422?
True
Is 49061 a multiple of 71?
True
Is 69 a factor of 561453?
True
Is 55 a factor of 193930?
True
Is 102 a factor of 1144229?
False
Is 11 a factor of 41948?
False
Is 186 a factor of 14348784?
True
Is 282 a factor of 201912?
True
Does 27 divide 2216754?
True
Is 13624457 a multiple of 11?
True
Is 11 a factor of 2081266?
True
Is 4377150 a multiple of 15?
True
Is 915 a factor of 2023980?
True
Does 10 divide 117950?
True
Is 117 a factor of 1005331?
False
Is 12 a factor of 2812075?
False
Does 25 divide 1108025?
True
Is 2835214 a multiple of 15?
False
Is 141 a factor of 245006?
False
Is 8546880 a multiple of 29?
True
Is 30270 a multiple of 10?
True
Is 119 a factor of 1894242?
True
Is 15 a factor of 205290?
True
Does 1014 divide 20130942?
True
Is 54 a factor of 963252?
True
Is 411692 a multiple of 16?
False
Is 4338466 a multiple of 22?
True
Does 5 divide 3956304?
False
Is 91937 a multiple of 89?
True
Is 17 a factor of 66449?
False
Does 2 divide 37456?
True
Is 31 a factor of 318130?
False
Does 8 divide 1228408?
True
Is 1147 a factor of 6409436?
True
Is 45 a factor of 302938?
False
Is 8340 a multiple of 6?
True
Is 5 a factor of 23211?
False
Is 9625 a multiple of 275?
True
Is 152544 a multiple of 14?
True
Does 1654 divide 6194230?
True
Does 285 divide 478079?
False
Is 23 a factor of 40557?
False
Does 1819 divide 14555638?
True
Does 343 divide 44590?
True
Is 686136 a multiple of 12?
True
Does 34 divide 188326?
True
Is 1422 a factor of 11850948?
True
Does 207 divide 9968913?
True
Is 407490 a multiple of 85?
True
Is 6231283 a multiple of 373?
False
Does 188 divide 8720649?
False
Is 124936 a multiple of 2?
True
Does 21 divide 267309?
True
Does 1263 divide 9175395?
False
Is 2512772 a multiple of 12?
False
Is 658574 a multiple of 87?
False
Is 590863 a multiple of 13?
True
Is 7650 a multiple of 6?
True
Is 4 a factor of 45082?
False
Is 1003 a factor of 197591?
True
Is 232172 a multiple of 514?
False
Is 11 a factor of 54106?
False
Is 238359 a multiple of 21?
False
Is 454 a factor of 7080130?
True
Is 514 a factor of 3534408?
False
Is 235000 a multiple of 20?
True
Is 216104 a multiple of 908?
True
Is 51 a factor of 149812?
False
Is 174479 a multiple of 333?
False
Is 21 a factor of 3750734?
False
Is 346 a factor of 8764526?
True
Is 14 a factor of 6414414?
False
Is 24224 even?
True
Is 115 a factor of 1799379?
False
Is 43 a factor of 3149712?
